{"id":193,"date":"2026-02-16T11:52:37","date_gmt":"2026-02-16T11:52:37","guid":{"rendered":"https:\/\/bookapartment.pl\/?page_id=193"},"modified":"2026-02-16T12:15:58","modified_gmt":"2026-02-16T12:15:58","slug":"mieszkanie-nr-1","status":"publish","type":"page","link":"https:\/\/bookapartment.pl\/index.php\/mieszkanie-nr-1\/","title":{"rendered":"Mieszkanie nr1"},"content":{"rendered":"\n<p>Lokalizacja: Rzesz\u00f3w, ul. Zelwerowicza<\/p>\n\n\n\n<p>Max ob\u0142o\u017cenie: 6 os\u00f3b<\/p>\n","protected":false},"excerpt":{"rendered":"<p>Lokalizacja: Rzesz\u00f3w, ul. Zelwerowicza Max ob\u0142o\u017cenie: 6 os\u00f3b<\/p>\n","protected":false},"author":1,"featured_media":0,"parent":0,"menu_order":0,"comment_status":"closed","ping_status":"closed","template":"","meta":{"footnotes":""},"class_list":["post-193","page","type-page","status-publish","hentry"],"_links":{"self":[{"href":"https:\/\/bookapartment.pl\/index.php\/wp-json\/wp\/v2\/pages\/193","targetHints":{"allow":["GET"]}}],"collection":[{"href":"https:\/\/bookapartment.pl\/index.php\/wp-json\/wp\/v2\/pages"}],"about":[{"href":"https:\/\/bookapartment.pl\/index.php\/wp-json\/wp\/v2\/types\/page"}],"author":[{"embeddable":true,"href":"https:\/\/bookapartment.pl\/index.php\/wp-json\/wp\/v2\/users\/1"}],"replies":[{"embeddable":true,"href":"https:\/\/bookapartment.pl\/index.php\/wp-json\/wp\/v2\/comments?post=193"}],"version-history":[{"count":9,"href":"https:\/\/bookapartment.pl\/index.php\/wp-json\/wp\/v2\/pages\/193\/revisions"}],"predecessor-version":[{"id":232,"href":"https:\/\/bookapartment.pl\/index.php\/wp-json\/wp\/v2\/pages\/193\/revisions\/232"}],"wp:attachment":[{"href":"https:\/\/bookapartment.pl\/index.php\/wp-json\/wp\/v2\/media?parent=193"}],"curies":[{"name":"wp","href":"https:\/\/api.w.org\/{rel}","templated":true}]}}